r?
False
Is 133569409 a prime number?
False
Is 15274308877 a prime number?
False
Is 4092214846 prime?
False
Is 15595187521 prime?
True
Is 1586793199 composite?
False
Is 105932903 prime?
True
Is 25327628411 a composite number?
True
Is 187569017443 prime?
True
Is 7867791257 a prime number?
True
Is 7557333019 a composite number?
False
Is 391553593 a prime number?
False
Is 182070281 composite?
True
Is 11576312659 composite?
True
Is 735846563 a prime number?
True
Is 211922591 prime?
True
Is 8736642895 a composite number?
True
Is 1929783389 prime?
True
Is 708722671 a prime number?
True
Is 7273207517 prime?
True
Is 10196353121 a prime number?
True
Is 43504584989 composite?
False
Is 4479758257 a composite number?
True
Is 2791984619 a prime number?
True
Is 28333791583 a prime number?
False
Is 53968384697 a prime number?
False
Is 12690364739 a prime number?
False
Is 13587475169 a prime number?
False
Is 3006718649 prime?
False
Is 32421071713 a composite number?
True
Is 1993493093 a composite number?
False
Is 29384059223 a composite number?
False
Is 18715141217 composite?
False
Is 3885218147 a prime number?
True
Is 6841798259 a prime number?
True
Is 42467285317 a prime number?
True
Is 2539322947 prime?
False
Is 327082493 a prime number?
True
Is 78929429129 prime?
True
Is 1363615619 prime?
True
Is 184224718999 composite?
False
Is 293974354 prime?
False
Is 5417754889 composite?
False
Is 73174363 prime?
True
Is 5298203681 prime?
True
Is 6504828653 composite?
True
Is 10473617071 prime?
False
Is 168233011 prime?
False
Is 69080831431 a prime number?
True
Is 15370673 composite?
False
Is 1178477687 a composite number?
False
Is 39020412061 a composite number?
False
Is 58037732689 a prime number?
True
Is 755823727 a composite number?
True
Is 949896223 a composite number?
False
Is 179963353 a composite number?
False
Is 497893997 a composite number?
False
Is 169422965 composite?
True
Is 58282997447 composite?
True
Is 1427825654 prime?
False
Is 4097710717 composite?
True
Is 1787346601 composite?
True
Is 3441099269 prime?
True
Is 429572707 composite?
False
Is 298565387 a composite number?
False
Is 103063170611 prime?
True
Is 10706974111 composite?
True
Is 805727389 a prime number?
True
Is 26233886711 prime?
True
Is 1075822049 a composite number?
False
Is 1346108821 prime?
True
Is 95519017999 a composite number?
True
Is 7772989247 prime?
True
Is 2622315719 a prime number?
False
Is 2360540861 a composite number?
True
Is 661974803 a prime number?
False
Is 2512184027 composite?
True
Is 2152229927 a prime number?
True
Is 1154276593 a composite number?
False
Is 5578018591 prime?
False
Is 1053523739 composite?
False
Is 299166839 a composite number?
False
Is 6055073699 prime?
False
Is 67767821603 a composite number?
False
Is 148788191 a prime number?
False
Is 73496431637 a prime number?
True
Is 33028993 a composite number?
False
Is 6650552933 composite?
True
Is 478441219 a prime number?
True
Is 19386120563 composite?
False
Is 9061241011 composite?
True
Is 1512641531 a prime number?
True
Is 764246257 a composite number?
True
Is 7517104167 composite?
True
Is 2121572333 prime?
True
Is 240830243 prime?
False
Is 123022117 a prime number?
False
Is 5120833467 composite?
True
Is 115462442071 a prime number?
False
Is 84153937073 prime?
True
Is 46609367897 prime?
False
Is 14262556085 composite?
True
Is 336896377 a composite number?
False
Is 178131979 a prime number?
True
Is 11574851911 a composite number?
True
Is 554160727 a composite number?
False
Is 10890309557 a prime number?
True
Is 1574423849 composite?
True
Is 16149859651 a prime number?
False
Is 19499866493 prime?
True
Is 478195639 a prime number?
False
Is 1443463949 composite?
True
Is 67731904603 composite?
True
Is 26216001667 prime?
False
Is 130407186638 a prime number?
False
Is 22007564669 a composite number?
False
Is 16483769747 composite?
False
Is 5095966103 a composite number?
False
Is 39941544967 prime?
False
Is 155495327 prime?
False
Is 36798847573 prime?
True
Is 922032029 composite?
False
Is 46178963851 a composite number?
True
Is 8972017357 a composite number?
False
Is 4762348897 a composite number?
False
Is 75146925101 prime?
True
Is 13052680609 a composite number?
False
Is 3013116109 a prime number?
True
Is 244206821 a composite number?
False
Is 53408792891 prime?
False
Is 533696243 composite?
True
Is 462989551 a composite number?
True
Is 11816033897 composite?
False
Is 4467124117 composite?
False
Is 8504731 prime?
False
Is 817784659 composite?
True
Is 1017224623 prime?
True
Is 2745797191 a composite number?
False
Is 477547687 a prime number?
False
Is 77193593 a prime number?
False
Is 68776625969 a composite number?
False
Is 1757091071 a composite number?
False
Is 3745379467 composite?
True
Is 5131480789 prime?
False
Is 6841555697 a composite number?
True
Is 78097997227 composite?
False
Is 30549487723 a composite number?
False
Is 469779083 composite?
True
Is 155216317859 prime?
False
Is 1521452419 prime?
False
Is 1656455657 composite?
False
Is 2627414261 a prime number?
True
Is 538001617 a prime number?
False
Is 571295027 composite?
True
Is 12266930191 a prime number?
True
Is 126257430623 prime?
False
Is 26908262 a composite number?
True
Is 23227032641 a prime number?
True
Is 26174562487 a prime number?
False
Is 1377865767 a composite number?
True
Is 33116869559 composite?
True
Is 4306321403 a prime number?
True
Is 197400781 a prime number?
True
Is 1679032907 a prime number?
False
Is 4078716323 a prime number?
False
Is 499929473 composite?
False
Is 722879779 a prime number?
True
Is 1069633031 a prime number?
True
Is 543133181 a prime number?
True
Is 226005973 composite?
True
Is 60834183889 a prime number?
False
Is 623645153 composite?
True
Is 2783096039 a prime number?
True
Is 6045013621 composite?
False
Is 697035541 a composite number?
False
Is 116233073063 a prime number?
True
Is 3499045573 a prime number?
True
Is 1397603 a prime number?
True
Is 8340846911 a prime number?
False
Is 2271322057 a prime number?
True
Is 385524779 prime?
True
Is 229479373 a prime number?
False
Is 445663079 a composite number?
False
Is 85980197 a composite number?
False
Is 13798185649 a composite number?
True
Is 416583007 a composite number?
False
Is 18209443339 prime?
True
Is 508501583 a prime number?
False
Is 196865351 a composite number?
False
Is 89423803453 prime?
True
Is 7218642923 a prime number?
True
Is 18801803 a composite number?
True
Is 66070464071 prime?
True
Is 3324728963 composite?
False
Is 5628377441 a composite number?
False
Is 627038611 prime?
False
Is 16671122161 a composite number?
False
Is 3112213933 composite?
False
Is 837736909 composite?
False
Is 7620449381 prime?
False
Is 1629434539 a prime number?
False
Is 321654961 composite?
True
Is 113080691 composite?
False
Is 108301943 prime?
False
Is 836861159 composite?
True
Is 56743563137 a prime number?
False
Is 999543707 prime?
True
Is 181640287 a composite number?
False
Is 59605460179 prime?
True
Is 803532635 prime?
False
Is 21554594041 prime?
True
Is 5339959649 a composite number?
False
Is 8601651577 prime?
True
Is 50382983099 composite?
False
Is 49744340417 prime?
False
Is 550605709 composite?
True
Is 2305463 prime?
True
Is 474636341 composite?
True
Is 95774612753 a composite number?
True
Is 17079630929 composite?
False
Is 89990219918 composite?
True
Is 3657088313 prime?
True
Is 5382425051 a composite number?
True
Is 235657727 composite?
False
Is 410856217 composite?
True
Is 1762579543 a composite number?
False
Is 2288785781 composite?
True
Is 210529691 prime?
True
Is 698075837 a prime number?
False
Is 4224057311 a prime number?
False
Is 4449483889 a prime number?
False
Is 8058250691 a prime number?
True
Is 1218093671 a composite number?
True
Is 210060343159 a prime number?
False
Is 2207606083 prime?
True
Is 2480840459 a prime number?
False
Is 676215363 a prime number?
False
Is 1682709599 a composite number?
False
Is 2861826251 a composite number?
False
Is 20593591493 composite?
True
Is 425374421 composite?
False
Is 107498693 a composite number?
False
Is 16879543907 a composite number?
False
Is 114051202553 a prime number?
True
Is 49896659 a prime number?
True
Is 2057876477 prime?
True
Is 310018711 a prime number?
True
Is 4262515001 composite?
True
Is 2150178901 co